{"id":15901,"date":"2025-01-02T14:22:39","date_gmt":"2025-01-02T13:22:39","guid":{"rendered":"https:\/\/pinacotecabologna.cultura.gov.it\/?post_type=event&#038;p=15901"},"modified":"2025-12-11T11:30:53","modified_gmt":"2025-12-11T10:30:53","slug":"dentro-al-colore","status":"publish","type":"event","link":"https:\/\/pinacotecabologna.cultura.gov.it\/en\/eventi-mostre\/dentro-al-colore","title":{"rendered":"Oltre la soglia"},"content":{"rendered":"<h2 class=\"wp-block-heading\">Percorso proposto in collaborazione con Senza titolo<\/h2>\n\n\n\n<div class=\"wp-block-columns is-layout-flex wp-container-core-columns-is-layout-9d6595d7 wp-block-columns-is-layout-flex\">\n<div class=\"wp-block-column is-layout-flow wp-block-column-is-layout-flow\" style=\"flex-basis:100%\">\n<p>Una visita ad alcune opere della Pinacoteca per riflettere sul concetto di limite: la cornice come soglia tra realt\u00e0 e rappresentazione, il bordo del quadro come spazio di passaggio, il titolo come orizzonte di interpretazione. Gli artisti hanno spesso giocato con i margini, spingendo le figure oltre la tela, interrompendo le scene, suggerendo narrazioni che continuano fuori campo.<br>Ma cosa accade quando un\u2019immagine sfugge oltre i suoi confini? Qual \u00e8 il ruolo, materiale e simbolico, della cornice nel definire ci\u00f2 che vediamo?<\/p>\n\n\n\n<p>TIPOLOGIA DI ATTIVIT\u00c0: visita guidata<br>DURATA: 90 minuti<br>DESTINATARI: <strong>Scuola secondaria di I e II grado<\/strong><br>QUANDO: ogni mercoled\u00ec, gioved\u00ec e venerd\u00ec mattina dal 7 ottobre 2025 al 29 maggio 2026, percorso prenotabile nei turni disponibili alle ore 9.00 e alle ore 11.00<br>Info e prenotazioni: <a href=\"mailto:mn-bo.prenotazioni@cultura.gov.it\">mn-bo.prenotazioni@cultura.gov.it<\/a><\/p>\n\n\n\n<div class=\"wp-block-buttons is-content-justification-right is-layout-flex wp-container-core-buttons-is-layout-765c4724 wp-block-buttons-is-layout-flex\">\n<div class=\"wp-block-button\"><a class=\"wp-block-button__link has-white-color has-black-background-color has-text-color has-background wp-element-button\" href=\"\/en\/mn-bo.prenotazioni@cultura.gov.it\/\" style=\"border-radius:0px\">INFO E PRENOTAZIONI<\/a><\/div>\n<\/div>\n<\/div>\n<\/div>\n\n\n\n<figure class=\"wp-block-image alignfull size-full is-style-default\"><img loading=\"lazy\" decoding=\"async\" width=\"1600\" height=\"587\" src=\"https:\/\/pinacotecabologna.cultura.gov.it\/wp-content\/uploads\/2025\/01\/img_eventi_oltre.jpg\" alt=\"\" class=\"wp-image-16825\" srcset=\"https:\/\/pinacotecabologna.cultura.gov.it\/wp-content\/uploads\/2025\/01\/img_eventi_oltre.jpg 1600w, https:\/\/pinacotecabologna.cultura.gov.it\/wp-content\/uploads\/2025\/01\/img_eventi_oltre-800x294.jpg 800w, https:\/\/pinacotecabologna.cultura.gov.it\/wp-content\/uploads\/2025\/01\/img_eventi_oltre-1024x376.jpg 1024w, https:\/\/pinacotecabologna.cultura.gov.it\/wp-content\/uploads\/2025\/01\/img_eventi_oltre-768x282.jpg 768w, https:\/\/pinacotecabologna.cultura.gov.it\/wp-content\/uploads\/2025\/01\/img_eventi_oltre-1536x564.jpg 1536w, https:\/\/pinacotecabologna.cultura.gov.it\/wp-content\/uploads\/2025\/01\/img_eventi_oltre-18x7.jpg 18w\" sizes=\"auto, (max-width: 1600px) 100vw, 1600px\" \/><\/figure>","protected":false},"excerpt":{"rendered":"<p>Una visita per riflettere sul concetto di limite<\/p>","protected":false},"featured_media":16826,"template":"","categories":[421],"tags":[],"class_list":["post-15901","event","type-event","status-publish","has-post-thumbnail","hentry","category-attivita-per-le-scuole"],"_links":{"self":[{"href":"https:\/\/pinacotecabologna.cultura.gov.it\/en\/wp-json\/wp\/v2\/event\/15901","targetHints":{"allow":["GET"]}}],"collection":[{"href":"https:\/\/pinacotecabologna.cultura.gov.it\/en\/wp-json\/wp\/v2\/event"}],"about":[{"href":"https:\/\/pinacotecabologna.cultura.gov.it\/en\/wp-json\/wp\/v2\/types\/event"}],"wp:featuredmedia":[{"embeddable":true,"href":"https:\/\/pinacotecabologna.cultura.gov.it\/en\/wp-json\/wp\/v2\/media\/16826"}],"wp:attachment":[{"href":"https:\/\/pinacotecabologna.cultura.gov.it\/en\/wp-json\/wp\/v2\/media?parent=15901"}],"wp:term":[{"taxonomy":"category","embeddable":true,"href":"https:\/\/pinacotecabologna.cultura.gov.it\/en\/wp-json\/wp\/v2\/categories?post=15901"},{"taxonomy":"post_tag","embeddable":true,"href":"https:\/\/pinacotecabologna.cultura.gov.it\/en\/wp-json\/wp\/v2\/tags?post=15901"}],"curies":[{"name":"wp","href":"https:\/\/api.w.org\/{rel}","templated":true}]}}

<h2 class="wp-block-heading">Percorso proposto in collaborazione con Senza titolo</h2>



<div class="wp-block-columns is-layout-flex wp-container-core-columns-is-layout-9d6595d7 wp-block-columns-is-layout-flex">
<div class="wp-block-column is-layout-flow wp-block-column-is-layout-flow" style="flex-basis:100%">
<p>Una visita ad alcune opere della Pinacoteca per riflettere sul concetto di limite: la cornice come soglia tra realtà e rappresentazione, il bordo del quadro come spazio di passaggio, il titolo come orizzonte di interpretazione. Gli artisti hanno spesso giocato con i margini, spingendo le figure oltre la tela, interrompendo le scene, suggerendo narrazioni che continuano fuori campo.<br>Ma cosa accade quando un’immagine sfugge oltre i suoi confini? Qual è il ruolo, materiale e simbolico, della cornice nel definire ciò che vediamo?</p>



<p>TIPOLOGIA DI ATTIVITÀ: visita guidata<br>DURATA: 90 minuti<br>DESTINATARI: <strong>Scuola secondaria di I e II grado</strong><br>QUANDO: ogni mercoledì, giovedì e venerdì mattina dal 7 ottobre 2025 al 29 maggio 2026, percorso prenotabile nei turni disponibili alle ore 9.00 e alle ore 11.00<br>Info e prenotazioni: <a href="mailto:mn-bo.prenotazioni@cultura.gov.it">mn-bo.prenotazioni@cultura.gov.it</a></p>



<div class="wp-block-buttons is-content-justification-right is-layout-flex wp-container-core-buttons-is-layout-765c4724 wp-block-buttons-is-layout-flex">
<div class="wp-block-button"><a class="wp-block-button__link has-white-color has-black-background-color has-text-color has-background wp-element-button" href="/en/mn-bo.prenotazioni@cultura.gov.it/" style="border-radius:0px">INFO E PRENOTAZIONI</a></div>
</div>
</div>
</div>



<figure class="wp-block-image alignfull size-full is-style-default"><img loading="lazy" decoding="async" width="1600" height="587" src="https://pinacotecabologna.cultura.gov.it/wp-content/uploads/2025/01/img_eventi_oltre.jpg" alt="" class="wp-image-16825" srcset="https://pinacotecabologna.cultura.gov.it/wp-content/uploads/2025/01/img_eventi_oltre.jpg 1600w, https://pinacotecabologna.cultura.gov.it/wp-content/uploads/2025/01/img_eventi_oltre-800x294.jpg 800w, https://pinacotecabologna.cultura.gov.it/wp-content/uploads/2025/01/img_eventi_oltre-1024x376.jpg 1024w, https://pinacotecabologna.cultura.gov.it/wp-content/uploads/2025/01/img_eventi_oltre-768x282.jpg 768w, https://pinacotecabologna.cultura.gov.it/wp-content/uploads/2025/01/img_eventi_oltre-1536x564.jpg 1536w, https://pinacotecabologna.cultura.gov.it/wp-content/uploads/2025/01/img_eventi_oltre-18x7.jpg 18w" sizes="auto, (max-width: 1600px) 100vw, 1600px" /></figure>
