{"id":11737,"date":"2023-11-24T11:18:34","date_gmt":"2023-11-24T10:18:34","guid":{"rendered":"https:\/\/pinacotecabologna.cultura.gov.it\/?post_type=event&#038;p=11737"},"modified":"2025-12-22T19:18:16","modified_gmt":"2025-12-22T18:18:16","slug":"cieli-in-cornice","status":"publish","type":"event","link":"https:\/\/pinacotecabologna.cultura.gov.it\/en\/eventi-mostre\/cieli-in-cornice","title":{"rendered":"CIELI IN CORNICE"},"content":{"rendered":"<h2 class=\"wp-block-heading\">Percorso proposto in collaborazione con Senza titolo<\/h2>\n\n\n\n<div class=\"wp-block-columns is-layout-flex wp-container-core-columns-is-layout-9d6595d7 wp-block-columns-is-layout-flex\">\n<div class=\"wp-block-column is-layout-flow wp-block-column-is-layout-flow\" style=\"flex-basis:100%\">\n<p>Un percorso tra le opere della Pinacoteca per scoprire come il cielo, da semplice sfondo, sia diventato nel tempo un elemento narrativo di grande forza espressiva. Azzurri uniformi, velature dorate, nuvole drammatiche, tramonti accesi o orizzonti indefiniti: ogni variazione atmosferica racconta uno stato d\u2019animo, un evento o un messaggio.<br>Durante la visita animata, i partecipanti saranno guidati nell\u2019osservazione dei diversi cieli raffigurati, imparando a riconoscerne i significati attraverso le tecniche pittoriche, le scelte cromatiche e compositive.<br>La lettura di albi illustrati e poesie arricchir\u00e0 l\u2019esperienza, aiutando bambine e bambini a leggere questo elemento come un vero protagonista, capace di suggerire storie, emozioni e possibilit\u00e0 di racconto.<\/p>\n\n\n\n<p><br>TIPOLOGIA DI ATTIVIT\u00c0: visita e laboratorio<br>DURATA: 90 minuti<br>DESTINATARI:<strong> Scuola dell\u2019infanzia e scuola primaria (classi I e II)<\/strong><br>QUANDO: ogni mercoled\u00ec, gioved\u00ec e venerd\u00ec mattina dal 7 ottobre 2025 al 29 maggio 2026, percorso prenotabile nei turni disponibili alle ore 9.00 e alle ore 11.00<\/p>\n\n\n\n<p><br>Info e prenotazioni: <a href=\"mailto:pin-bo.prenotazioni@cultura.gov.it\" target=\"_blank\" rel=\"noreferrer noopener\">mn-bo.prenotazioni@cultura.gov.it<\/a><\/p>\n\n\n\n<div class=\"wp-block-buttons is-content-justification-right is-layout-flex wp-container-core-buttons-is-layout-765c4724 wp-block-buttons-is-layout-flex\">\n<div class=\"wp-block-button\"><a class=\"wp-block-button__link has-white-color has-black-background-color has-text-color has-background wp-element-button\" href=\"mailto:mn-bo.prenotazioni@cultura.gov.it\" style=\"border-radius:0px\" target=\"_blank\" rel=\"noreferrer noopener\">INFO E PRENOTAZIONI<\/a><\/div>\n<\/div>\n<\/div>\n<\/div>\n\n\n\n<figure class=\"wp-block-image alignfull size-full is-style-default\"><img loading=\"lazy\" decoding=\"async\" width=\"1600\" height=\"587\" src=\"https:\/\/pinacotecabologna.cultura.gov.it\/wp-content\/uploads\/2023\/11\/img_eventi_mostre_2026_scuole_1.jpg\" alt=\"\" class=\"wp-image-16765\" srcset=\"https:\/\/pinacotecabologna.cultura.gov.it\/wp-content\/uploads\/2023\/11\/img_eventi_mostre_2026_scuole_1.jpg 1600w, https:\/\/pinacotecabologna.cultura.gov.it\/wp-content\/uploads\/2023\/11\/img_eventi_mostre_2026_scuole_1-800x294.jpg 800w, https:\/\/pinacotecabologna.cultura.gov.it\/wp-content\/uploads\/2023\/11\/img_eventi_mostre_2026_scuole_1-1024x376.jpg 1024w, https:\/\/pinacotecabologna.cultura.gov.it\/wp-content\/uploads\/2023\/11\/img_eventi_mostre_2026_scuole_1-768x282.jpg 768w, https:\/\/pinacotecabologna.cultura.gov.it\/wp-content\/uploads\/2023\/11\/img_eventi_mostre_2026_scuole_1-1536x564.jpg 1536w, https:\/\/pinacotecabologna.cultura.gov.it\/wp-content\/uploads\/2023\/11\/img_eventi_mostre_2026_scuole_1-18x7.jpg 18w\" sizes=\"auto, (max-width: 1600px) 100vw, 1600px\" \/><\/figure>","protected":false},"excerpt":{"rendered":"<p>Un percorso tra le opere per scoprire come il cielo, da semplice sfondo, sia diventato nel tempo un elemento narrativo di grande forza espressiva.<\/p>","protected":false},"featured_media":16767,"template":"","categories":[421],"tags":[],"class_list":["post-11737","event","type-event","status-publish","has-post-thumbnail","hentry","category-attivita-per-le-scuole"],"_links":{"self":[{"href":"https:\/\/pinacotecabologna.cultura.gov.it\/en\/wp-json\/wp\/v2\/event\/11737","targetHints":{"allow":["GET"]}}],"collection":[{"href":"https:\/\/pinacotecabologna.cultura.gov.it\/en\/wp-json\/wp\/v2\/event"}],"about":[{"href":"https:\/\/pinacotecabologna.cultura.gov.it\/en\/wp-json\/wp\/v2\/types\/event"}],"wp:featuredmedia":[{"embeddable":true,"href":"https:\/\/pinacotecabologna.cultura.gov.it\/en\/wp-json\/wp\/v2\/media\/16767"}],"wp:attachment":[{"href":"https:\/\/pinacotecabologna.cultura.gov.it\/en\/wp-json\/wp\/v2\/media?parent=11737"}],"wp:term":[{"taxonomy":"category","embeddable":true,"href":"https:\/\/pinacotecabologna.cultura.gov.it\/en\/wp-json\/wp\/v2\/categories?post=11737"},{"taxonomy":"post_tag","embeddable":true,"href":"https:\/\/pinacotecabologna.cultura.gov.it\/en\/wp-json\/wp\/v2\/tags?post=11737"}],"curies":[{"name":"wp","href":"https:\/\/api.w.org\/{rel}","templated":true}]}}

<h2 class="wp-block-heading">Percorso proposto in collaborazione con Senza titolo</h2>



<div class="wp-block-columns is-layout-flex wp-container-core-columns-is-layout-9d6595d7 wp-block-columns-is-layout-flex">
<div class="wp-block-column is-layout-flow wp-block-column-is-layout-flow" style="flex-basis:100%">
<p>Un percorso tra le opere della Pinacoteca per scoprire come il cielo, da semplice sfondo, sia diventato nel tempo un elemento narrativo di grande forza espressiva. Azzurri uniformi, velature dorate, nuvole drammatiche, tramonti accesi o orizzonti indefiniti: ogni variazione atmosferica racconta uno stato d’animo, un evento o un messaggio.<br>Durante la visita animata, i partecipanti saranno guidati nell’osservazione dei diversi cieli raffigurati, imparando a riconoscerne i significati attraverso le tecniche pittoriche, le scelte cromatiche e compositive.<br>La lettura di albi illustrati e poesie arricchirà l’esperienza, aiutando bambine e bambini a leggere questo elemento come un vero protagonista, capace di suggerire storie, emozioni e possibilità di racconto.</p>



<p><br>TIPOLOGIA DI ATTIVITÀ: visita e laboratorio<br>DURATA: 90 minuti<br>DESTINATARI:<strong> Scuola dell’infanzia e scuola primaria (classi I e II)</strong><br>QUANDO: ogni mercoledì, giovedì e venerdì mattina dal 7 ottobre 2025 al 29 maggio 2026, percorso prenotabile nei turni disponibili alle ore 9.00 e alle ore 11.00</p>



<p><br>Info e prenotazioni: <a href="mailto:pin-bo.prenotazioni@cultura.gov.it" target="_blank" rel="noreferrer noopener">mn-bo.prenotazioni@cultura.gov.it</a></p>



<div class="wp-block-buttons is-content-justification-right is-layout-flex wp-container-core-buttons-is-layout-765c4724 wp-block-buttons-is-layout-flex">
<div class="wp-block-button"><a class="wp-block-button__link has-white-color has-black-background-color has-text-color has-background wp-element-button" href="mailto:mn-bo.prenotazioni@cultura.gov.it" style="border-radius:0px" target="_blank" rel="noreferrer noopener">INFO E PRENOTAZIONI</a></div>
</div>
</div>
</div>



<figure class="wp-block-image alignfull size-full is-style-default"><img loading="lazy" decoding="async" width="1600" height="587" src="https://pinacotecabologna.cultura.gov.it/wp-content/uploads/2023/11/img_eventi_mostre_2026_scuole_1.jpg" alt="" class="wp-image-16765" srcset="https://pinacotecabologna.cultura.gov.it/wp-content/uploads/2023/11/img_eventi_mostre_2026_scuole_1.jpg 1600w, https://pinacotecabologna.cultura.gov.it/wp-content/uploads/2023/11/img_eventi_mostre_2026_scuole_1-800x294.jpg 800w, https://pinacotecabologna.cultura.gov.it/wp-content/uploads/2023/11/img_eventi_mostre_2026_scuole_1-1024x376.jpg 1024w, https://pinacotecabologna.cultura.gov.it/wp-content/uploads/2023/11/img_eventi_mostre_2026_scuole_1-768x282.jpg 768w, https://pinacotecabologna.cultura.gov.it/wp-content/uploads/2023/11/img_eventi_mostre_2026_scuole_1-1536x564.jpg 1536w, https://pinacotecabologna.cultura.gov.it/wp-content/uploads/2023/11/img_eventi_mostre_2026_scuole_1-18x7.jpg 18w" sizes="auto, (max-width: 1600px) 100vw, 1600px" /></figure>
